f 1032?
False
Does 12 divide 12588?
True
Is 24 even?
True
Is 526 a multiple of 21?
False
Is 14 a factor of 64062?
False
Is 1768 a multiple of 21?
False
Is 694 a multiple of 14?
False
Is 253 a multiple of 10?
False
Does 9 divide 1539?
True
Is 9651 a multiple of 83?
False
Is 5607 a multiple of 89?
True
Is 7350 a multiple of 49?
True
Is 2270 a multiple of 7?
False
Does 16 divide 832?
True
Does 4 divide 703?
False
Is 142 a factor of 8463?
False
Is 72 a factor of 3312?
True
Does 54 divide 1937?
False
Is 2890 a multiple of 17?
True
Is 13024 a multiple of 16?
True
Does 12 divide 432?
True
Does 9 divide 531?
True
Is 7631 a multiple of 45?
False
Is 133994 a multiple of 11?
False
Does 25 divide 10025?
True
Is 38 a factor of 105701?
False
Is 30 a factor of 4020?
True
Is 17 a factor of 18989?
True
Does 9 divide 297?
True
Does 36 divide 1728?
True
Is 1518 a multiple of 66?
True
Does 14 divide 39256?
True
Does 22 divide 95338?
False
Does 139 divide 15985?
True
Is 29 a factor of 939?
False
Does 14 divide 2366?
True
Is 18606 a multiple of 6?
True
Is 270 a factor of 27000?
True
Does 123 divide 15789?
False
Is 18 a factor of 2304?
True
Is 1761 a multiple of 161?
False
Is 8 a factor of 1715?
False
Is 71145 a multiple of 255?
True
Is 2588 a multiple of 4?
True
Is 15 a factor of 799?
False
Does 43 divide 11868?
True
Is 4140 a multiple of 207?
True
Does 10 divide 1520?
True
Is 111 a factor of 1332?
True
Is 60 a factor of 1546?
False
Is 4587 a multiple of 11?
True
Is 117 a multiple of 48?
False
Does 3 divide 78?
True
Is 1268 a multiple of 5?
False
Is 39216 a multiple of 25?
False
Is 11 a factor of 2002?
True
Does 41 divide 535?
False
Is 28 a factor of 1120?
True
Is 2917 a multiple of 5?
False
Does 93 divide 84085?
False
Does 81 divide 10505?
False
Does 30 divide 7836?
False
Is 7 a factor of 57?
False
Does 4 divide 980?
True
Is 14 a factor of 1231?
False
Is 13488 a multiple of 48?
True
Does 2 divide 210?
True
Does 17 divide 1360?
True
Is 279 a multiple of 2?
False
Is 17316 a multiple of 36?
True
Is 3943 a multiple of 134?
False
Does 5 divide 109?
False
Is 3850 a multiple of 50?
True
Does 80 divide 2720?
True
Is 19 a factor of 7676?
True
Is 12093 a multiple of 7?
False
Is 28 a factor of 243?
False
Does 11 divide 4499?
True
Is 86 a factor of 860?
True
Is 24 a factor of 1132?
False
Does 15 divide 24?
False
Is 22 a factor of 616?
True
Is 74 a factor of 866?
False
Is 64 a factor of 1422?
False
Is 220 a multiple of 11?
True
Is 46 a factor of 11592?
True
Is 96 a factor of 4357?
False
Is 123 a multiple of 8?
False
Is 5 a factor of 61?
False
Does 10 divide 60?
True
Does 84 divide 13770?
False
Is 2582 a multiple of 19?
False
Is 14 a factor of 630?
True
Does 12 divide 264?
True
Does 11 divide 363?
True
Does 19 divide 17834?
False
Does 2 divide 319?
False
Is 2142 a multiple of 7?
True
Is 150 a factor of 6900?
True
Does 9 divide 175?
False
Is 2020 a multiple of 88?
False
Is 36428 a multiple of 4?
True
Is 1721 a multiple of 34?
False
Does 347 divide 139494?
True
Is 118761 a multiple of 17?
False
Is 20 a factor of 3580?
True
Does 2 divide 1582?
True
Is 2756 a multiple of 22?
False
Is 120 a multiple of 15?
True
Does 15 divide 18900?
True
Is 3820 a multiple of 13?
False
Is 12068 a multiple of 170?
False
Does 6 divide 22?
False
Is 53757 a multiple of 99?
True
Is 5056 a multiple of 16?
True
Is 6268 a multiple of 3?
False
Is 3932 a multiple of 27?
False
Is 234 a multiple of 13?
True
Is 47 a factor of 758?
False
Is 25 a factor of 325?
True
Is 2290 even?
True
Is 1344 a multiple of 112?
True
Is 29 a factor of 1641?
False
Is 6 a multiple of 3?
True
Does 20 divide 601?
False
Does 95 divide 24477?
False
Is 113 a factor of 63035?
False
Is 7 a factor of 166?
False
Is 4 a factor of 117?
False
Is 5 a factor of 5314?
False
Does 69 divide 15111?
True
Is 242 a multiple of 22?
True
Is 68 a factor of 7004?
True
Does 5 divide 3275?
True
Does 56 divide 66304?
True
Is 3540 a multiple of 10?
True
Is 47 a factor of 2162?
True
Is 12 a factor of 533?
False
Is 170 a multiple of 34?
True
Is 18403 a multiple of 77?
True
Is 7872 a multiple of 96?
True
Is 58947 a multiple of 21?
True
Is 10850 a multiple of 50?
True
Does 30 divide 9128?
False
Does 74 divide 51874?
True
Is 42 a factor of 2436?
True
Does 16 divide 1952?
True
Is 7671 a multiple of 5?
False
Is 21298 a multiple of 46?
True
Is 18 a factor of 64?
False
Is 692 a multiple of 52?
False
Is 21 a factor of 9408?
True
Is 37973 a multiple of 299?
True
Does 19 divide 15436?
False
Is 33480 a multiple of 291?
False
Does 14 divide 3351?
False
Does 15 divide 7658?
False
Is 25190 a multiple of 76?
False
Is 7 a factor of 1889?
False
Does 22 divide 19734?
True
Does 137 divide 6490?
False
Does 2 divide 117?
False
Does 52 divide 13052?
True
Does 6 divide 4536?
True
Is 3873 a multiple of 10?
False
Is 17 a factor of 17833?
True
Is 8337 a multiple of 21?
True
Is 1392 a multiple of 58?
True
Is 60 a multiple of 20?
True
Does 58 divide 37700?
True
Is 520 a multiple of 13?
True
Is 43 a factor of 327?
False
Is 61 a factor of 11163?
True
Is 30 a factor of 12087?
False
Is 9 a factor of 575?
False
Is 26 a factor of 624?
True
Is 39 a factor of 19295?
False
Is 748 a multiple of 34?
True
Is 9 a factor of 6120?
True
Is 869 a multiple of 11?
True
Is 180 a multiple of 9?
True
Is 1896 a multiple of 12?
True
Is 22 a factor of 1650?
True
Does 3 divide 4792?
False
Is 27 a factor of 2878?
False
Is 24 a factor of 307?
False
Does 79 divide 7595?
False
Is 13 a factor of 6058?
True
Is 932 a multiple of 4?
True
Does 59 divide 295?
True
Is 38 a factor of 2137?
False
Is 146 a factor of 19126?
True
Is 771 a multiple of 37?
False
Is 4470 a multiple of 30?
True
Is 85 a factor of 340?
True
Does 117 divide 19463?
False
Is 59568 a multiple of 48?
True
Is 10 a factor of 440?
True
Is 6 a factor of 16344?
True
Is 3178 a multiple of 15?
False
Is 6 a factor of 5168?
False
Does 70 divide 2476?
False
Is 408 a multiple of 8?
True
Is 1231 a multiple of 64?
False
Is 56808 a multiple of 54?
True
Does 11 divide 11302?
False
Is 321 a multiple of 11?
False
Does 59 divide 20296?
True
Does 4 divide 133?
False
Is 8 a factor of 16?
True
Is 85 a factor of 35603?
False
Is 14 a factor of 294?
True
Is 986 a multiple of 42?
False
Is 11 a factor of 55037?
False
Is 30 a factor of 120?
True
Does 95 divide 4415?
False
Does 51 divide 408?
True
Is 18 a factor of 1530?
True
Does 22 divide 5940?
True
Is 245 a multiple of 5?
True
Does 48 divide 2112?
True
Does 93 divide 9300?
True
Does 4 divide 282?
False
Does 20 divide 81?
False
Does 64 divide 7232?
True
Is 2 a factor of 795?
False
Is 11030 a multiple of 16?
False
Is 38 a multiple of 19?
True
Does 71 divide 3479?
True
Is 23 a factor of 7089?
False
Is 21846 a multiple of 33?
True
Does 14 divide 2086?
True
Is 8 a factor of 120?
True
Does 11 divide 451?
True
Is 38 a factor of 754?
False
Is 18 a factor of 18?
True
Does 8 divide 792?
True
Is 19 a factor of 703?
True
Does 20 divide 100?
True
Is 10 a factor of 567?
False
Does 3 divide 459?
True
Is 133 a multiple of 19?
True
Is 32 a factor of 2208?
True
Is 1710 a multiple of 38?
True
Does 57 divide 7866?
True
Does 34 divide 850?
True
Does 14 divide 75992?
True
Does 9 divide 341?
False
Is 594 a multiple of 3?
True
Is 15 a factor of 1305?
True
Does 10 divide 29750?
True
Is 117 a factor of 15196?
False
Is 27 a factor of 23808?
False
Is 1923 a multiple of 34?
False
Is 7435 a multiple of 54?
False
Is 8211 a multiple of 51?
True
Does 35 divide 5969?
False
Is 107 a factor of 2991?
False
Does 2 divide 1257?
False
Is 1386 a multiple of 21?
True
Does 179 divide 1969?
True
Does 11 divide 7845?
False
Is 8191 a multiple of 11?
False
Is 7625 a multiple of 18?
False
Is 23975 a multiple of 25?
True
Is 9118 a multiple of 94?
True
Is 242 a multiple of 37?
False
Is 3430 a multiple of 265?
False
Is 5610 a multiple of 110?
True
Is 962 a multiple of 31?
False
Does 113 divide 11015?
False
Is 470 a multiple of 24?
False
Does 3 divide 96?
True
Does 16 divide 5119?
False
Is 748 a multiple of 22?
True
Is 109 a factor of 981?
True
Does 15 divide 30465?
True
Is 456 a multiple of 24?
True
Is 619 a multiple of 38?
False
Does 6 divide 496?
False
Is 6 a factor of 16489?
False
Is 12 a factor of 5164?
False
Is 556 a multiple of 9?
False
Is 17777 a multiple of 62?
False
Does